divided by (-3)/(-9) + 105/d?
10
Let k(d) = -d**3 + 10*d**2 + 11*d + 4. Let b be k(11). Suppose 0 = -b*a + 27 + 41. Calculate the remainder when 2 - 2/1 - -32 is divided by a.
15
Suppose -3*m + 3*u = -36, -2*m + 10 = 3*u - 19. Calculate the remainder when m is divided by 8.
5
Suppose 10 = -d + 2*d. Calculate the remainder when 38*(-1 - 4)/(-10) is divided by d.
9
Suppose -3*p + 12 = p. Suppose -a + 3 = 2*b, 4*a + 0*a + 4*b = 16. Suppose 5 = 5*d - a. What is the remainder when p is divided by d?
1
Suppose -2 + 0 = -3*h + 5*b, 0 = -h + 4*b - 11. Let c = h + 2. What is the remainder when 20 is divided by c?
9
Let j = 19 + -17. Calculate the remainder when 7 is divided by j.
1
Let l(v) = 15*v + 1. Calculate the remainder when l(1) is divided by 9.
7
Let p be 120 - 1/(1/1). Let d = 181 - p. Calculate the remainder when d is divided by 16.
14
Suppose -148 - 2 = -3*l. What is the remainder when l is divided by ((104/16)/(-13))/(2/(-52))?
11
Let t be -1 + ((-2)/(-2))/1. Let w be -4*(-1 + -1)*1. Let y = w + t. What is the remainder when y is divided by 3?
2
Suppose -9*d = -4*d - 255. Suppose -p - 2*p + d = 0. Calculate the remainder when p is divided by 5.
2
Suppose 41 + 114 = 5*g. Suppose -180 = -3*l + 5*d, -5*d - g = -l + 39. Suppose 3*s - 7 - 50 = 0. Calculate the remainder when l is divided by s.
17
Let a(d) = 3*d + 0*d + 2 - 2*d. Let s be a(0). Suppose -s*n + 2*b = -16, -n - 2*b - 1 = -0*n. What is the remainder when 13 is divided by n?
3
Let t(d) = 97*d**2 - 1. Let l be t(1). Suppose 5*s - 4 - l = 0. Calculate the remainder when s is divided by 11.
9
What is the remainder when 366/15 - (-6)/(-15) is divided by 7?
3
Suppose 5*b - 8 = b. Let g(m) = 3*m**3 + 2*m - 3. Calculate the remainder when g(b) is divided by 7.
4
Let u = -13 + 22. Calculate the remainder when 24 is divided by u.
6
Calculate the remainder when 102 is divided by (3 + (-25)/5)*-11.
14
Let g be ((-7)/(-3) - 2)*18. Suppose 4*l - 26 - g = 0. Calculate the remainder when 13 is divided by l.
5
Suppose -7*q - 2*q = -18. Suppose -j + 1 + 2 = 0. What is the remainder when j is divided by q?
1
Suppose 0 = 6*i - 34 - 116. Calculate the remainder when 91 is divided by i.
16
Let t = 1 - -50. Let x = -23 - -36. Calculate the remainder when t is divided by x.
12
What is the remainder when (-2 - -1)/((-2)/26) is divided by 8?
5
Suppose -308 - 8 = -4*r + 4*s, 149 = 2*r + s. Calculate the remainder when r is divided by 26.
24
Let r be (-35)/(-20) - 1/(-4). Suppose r*v = 35 - 11. Suppose s - 49 = 3*d + d, 4*d = v. What is the remainder when s is divided by 16?
13
Suppose -180 = -2*v - 0*v + p, 4*p = -3*v + 281. What is the remainder when v is divided by 23?
22
Let a = 12 - -26. What is the remainder when a is divided by 8?
6
Let n = 22 - -39. Calculate the remainder when n is divided by 21.
19
Let f = 3 + 1. Suppose f*n = 11 + 17. Calculate the remainder when 12 is divided by n.
5
Let d(u) = 13*u - 1. Let s be d(1). Suppose -3*a + 0 = -s. Suppose 3*k = -b, 3*k - 43 = -a*b + 2. What is the remainder when b is divided by 8?
7
Suppose -z + 3*z + 4*h - 26 = 0, 0 = -3*h + 3. What is the remainder when z is divided by 6?
5
Let n(o) = -o**3 - o**2 + 11. What is the remainder when 30 is divided by n(0)?
8
Let j = 14 - 7. What is the remainder when 13 is divided by j?
6
Let z = 21 + -12. Let x(q) = q**3 - 8*q**2 - 2*q - 9. Calculate the remainder when x(z) is divided by 19.
16
Let x be 0 + 3 + -1 + 0. Let d(g) = -g**2 - 7*g - 9. Let v be d(-6). Calculate the remainder when (-232)/6*v/x is divided by 20.
18
Suppose 3*n - 2*j = 7, -4*n = -0*j + j - 13. Calculate the remainder when 9 is divided by n.
0
Suppose -10 = -2*f - 3*f. Let s = f - -9. Suppose 3*g - 69 = -4*t, 0 = -0*t - 4*t + g + 89. What is the remainder when t is divided by s?
10
Suppose y - 12 = -2*y. What is the remainder when 9 is divided by y?
1
Let q(o) = -o - 4. Let a(r) = -r - 5. Let f(d) = 4*a(d) - 5*q(d). Let v(m) = m**3 - 4*m + 3. Let u be v(2). What is the remainder when f(u) is divided by 3?
0
Suppose -2*x + 135 = x. Suppose -q = 2*q - x. What is the remainder when q is divided by (1*-4)/((-5)/10)?
7
Let d(t) = t - 1. Let h be d(2). Suppose 5*b = 2*c - 48, -3*b + h = c - 34. Let x = 48 - c. Calculate the remainder when 56 is divided by x.
18
Let g be (-3)/(-6)*-2*6. Let h(t) = 2*t + 14. Calculate the remainder when 7 is divided by h(g).
1
Let p(o) = 12*o**2 - 7*o - 2. What is the remainder when 118 is divided by p(-2)?
58
Let o(n) = n - 13. Let g = -4 - -8. What is the remainder when g is divided by o(15)?
0
Let c(m) = -15*m**3 - 4*m**2 - 6*m - 1. Let u(z) = -16*z**3 - 5*z**2 - 7*z - 1. Let w(y) = 7*c(y) - 6*u(y). Calculate the remainder when 18 is divided by w(-1).
8
Let t be (1/1)/((-2)/20). Let y = 13 - t. Let h = 34 + -22. What is the remainder when y is divided by h?
11
Let d(h) = h**3 + 2*h**2 - 4*h + 2. Let z(y) = -23*y + 5. Calculate the remainder when z(-1) is divided by d(2).
8
Suppose -96 = -r - r. Suppose -3*q + 18 = -r. Suppose 0 = 5*v + z - 25, 0 = -v + z + 16 - 5. What is the remainder when q is divided by v?
4
Let a = 13 - 8. Suppose -2*o - z + 10 = 0, -o - 5*z - a + 1 = 0. What is the remainder when 8/o*3/2 is divided by 1?
0
Let s(h) = -h**2 - 14*h + 20. Suppose 0*c - 4*c = -36. What is the remainder when s(-14) is divided by (-28)/6*c/(-6)?
6
Suppose 0 = -2*j + 5*j - 15. What is the remainder when -1 + (j - 2) + 5 is divided by 3?
1
Let t = 71 + -21. What is the remainder when t is divided by 17?
16
Suppose -2*h + 34 + 20 = 0. What is the remainder when 79 is divided by h?
25
Let v be 6/(-4)*4/(-3). Suppose 0 = -z + 6*z + 25, 4*j = -v*z + 14. Suppose b - 10 = n - j*n, -2*n - 6 = 0. What is the remainder when b is divided by 9?
7
Let s(u) = -u**3 + 2*u**2 + 3*u + 1. Suppose 3*x + 6 = 24. Suppose -3*h - x = -0. What is the remainder when 31 is divided by s(h)?
9
Suppose -5*i + 112 = 5*w - 2*i, 4*i = -5*w + 116. What is the remainder when w is divided by (-3)/(-2)*(-48)/(-9)?
4
Let y(n) = n**3 - 11*n**2 + 11*n + 5. Let i = -5 - -13. Calculate the remainder when y(10) is divided by i.
7
Let s = 7 + 3. Let d = 38 + -19. Calculate the remainder when d is divided by s.
9
Calculate the remainder when (0 + -16)/((-2)/4) is divided by 17.
15
Let h be 3 - (3/3 + 0). Suppose -3*z - 3 = 3, 3*f - 14 = 4*z. Suppose 0 = -2*c + h*x + 52, f*c - x = 4*c - 40. Calculate the remainder when c is divided by 8.
6
Suppose 4*v - 4 = 0, -3*r + 3*v = -5*r + 37. Calculate the remainder when 66 is divided by r.
15
Let l(c) = c**3 + 4*c**2 + 4. Suppose -v - 3 = -0. Let o be l(v). Suppose 7 = 2*u - o. What is the remainder when 19 is divided by u?
9
Let u(a) = -45*a**2 + 3*a + 1. Let w(o) = 91*o**2 - 7*o - 2. Let j(p) = -7*u(p) - 3*w(p). What is the remainder when j(1) is divided by 14?
13
Suppose 10 = 2*v - 12. Suppose 0 = -14*t + 17*t - 15. Suppose t*a - 2*j - 154 = 0, -2*j - 61 = -2*a - j. What is the remainder when a is divided by v?
10
Suppose 0*d + 46 = -3*t - 2*d, 4*t = -2*d - 64. What is the remainder when ((-19)/2)/(9/t) is divided by 10?
9
Suppose 20*b + 334 - 794 = 0. Let z(m) = m**2 - 4*m + 5. Let f be z(4). Suppose 0 = 2*w - f*w + 39. Calculate the remainder when b is divided by w.
10
Let w be 3/((2 - -1)/3). Let u = w - -10. What is the remainder when 23 is divided by u?
10
Suppose -4*r + 97 = -91. What is the remainder when r is divided by 24?
23
Suppose 4*v = 20, v + 58 = 2*g + 3*v. What is the remainder when 70 is divided by g?
22
Let l(n) = -n - 15. Let h be l(12). Calculate the remainder when ((-2)/3)/(1/h) is divided by 5.
3
Let i = 49 + -25. Let q = 27 + -13. What is the remainder when i is divided by q?
10
Let f(x) = 2*x**2 + x - 1. Let c(z) = -z**3 - 4*z**2 + 4*z - 2. Let h be c(-5). What is the remainder when f(h) is divided by 11?
9
Suppose 4*b + 200 = 5*c, c + 16 = 2*c + 4*b. Suppose -3*d - 4*w + 16 = 2, 3*d = 5*w - 4. Suppose c = d*g - 46. Calculate the remainder when g is divided by 14.
13
Let a be (-4)/6 + (-20)/15. Suppose -4*z - 136 = -4*o, -40 = -2*o + 3*z + 29. Calculate the remainder when o is divided by 255/10*a/(-3).
16
Calculate the remainder when 151/7 - 8/14 is divided by 12.
9
Let l(y) = 33*y**2 - 2. Let f(t) = -66*t**2 + 3. Let i(n) = -3*f(n) - 5*l(n). What is the remainder when i(-1) is divided by 12?
1